r?
False
Is 807514 a prime number?
False
Is 2351093 a composite number?
True
Is 4003333 a prime number?
True
Is 94030229 a composite number?
False
Is 57744221 composite?
False
Is 233287585 a composite number?
True
Is 1756229 composite?
False
Is 2929489 composite?
True
Is 8591093 prime?
False
Is 1024469 composite?
True
Is 1391998 composite?
True
Is 274440917 a composite number?
True
Is 31121869 composite?
False
Is 25578197 composite?
True
Is 62276723 a composite number?
False
Is 38715353 a prime number?
True
Is 165437 a composite number?
False
Is 114752306 prime?
False
Is 13971598 composite?
True
Is 69385231 a prime number?
True
Is 40497343 a composite number?
True
Is 1430041 a prime number?
True
Is 585210803 composite?
False
Is 1013993 a prime number?
True
Is 29490473 composite?
False
Is 63603503 composite?
False
Is 4148791 a composite number?
False
Is 13237655 composite?
True
Is 21443249 a composite number?
True
Is 943637 a prime number?
True
Is 226049701 a composite number?
True
Is 252877169 a composite number?
False
Is 41294797 prime?
True
Is 106157431 a prime number?
True
Is 1187814953 prime?
False
Is 51702709 composite?
False
Is 264997 a composite number?
False
Is 57764933 a prime number?
True
Is 8542249 a prime number?
False
Is 49247851 composite?
True
Is 43991657 composite?
True
Is 8500907 a prime number?
True
Is 9977393 a prime number?
False
Is 61442707 a prime number?
True
Is 551422231 prime?
False
Is 3939307 composite?
True
Is 339470123 a prime number?
False
Is 5231731 prime?
False
Is 146499431 composite?
True
Is 188765327 prime?
True
Is 33521351 a composite number?
True
Is 1819819 prime?
True
Is 35044145 prime?
False
Is 4786153 prime?
False
Is 20677577 a composite number?
False
Is 7166035 composite?
True
Is 60063973 prime?
False
Is 27039139 composite?
False
Is 186149179 a composite number?
False
Is 214887073 composite?
True
Is 30981014 composite?
True
Is 31405683 prime?
False
Is 653108549 composite?
True
Is 11558077 a composite number?
False
Is 12906017 a prime number?
True
Is 6227297 composite?
False
Is 243331147 a prime number?
True
Is 929263 a prime number?
False
Is 2786077 prime?
False
Is 330409 composite?
False
Is 170182127 prime?
False
Is 2206613 a composite number?
False
Is 15833347 composite?
False
Is 119266303 a prime number?
False
Is 1336157 a composite number?
True
Is 4667317 composite?
True
Is 4118271 composite?
True
Is 1084585 a composite number?
True
Is 121967227 prime?
True
Is 9592447 a prime number?
True
Is 135616381 a prime number?
True
Is 21597923 a prime number?
False
Is 18466937 a composite number?
False
Is 413188559 prime?
False
Is 23786857 a composite number?
False
Is 79660237 a prime number?
True
Is 47425303 composite?
True
Is 78424523 prime?
False
Is 14656813 prime?
True
Is 60963757 a composite number?
False
Is 3738611 a prime number?
False
Is 8954237 composite?
True
Is 166239415 a composite number?
True
Is 103783279 a prime number?
True
Is 2340551 prime?
True
Is 280531829 prime?
True
Is 1283587 prime?
False
Is 31937021 a prime number?
True
Is 485550323 composite?
True
Is 3372191 prime?
False
Is 193494835 composite?
True
Is 14465447 composite?
True
Is 20189053 a composite number?
True
Is 223446583 a prime number?
False
Is 9275197 a prime number?
False
Is 28445849 a composite number?
False
Is 2840693 a composite number?
True
Is 13489939 prime?
False
Is 595733 prime?
True
Is 96331421 a composite number?
False
Is 4443923 a composite number?
True
Is 84890753 composite?
True
Is 2414591 a prime number?
True
Is 5674547 a prime number?
True
Is 243571943 a composite number?
False
Is 19085617 composite?
False
Is 198838957 a prime number?
True
Is 153748303 prime?
False
Is 9423263 a composite number?
True
Is 9202759 prime?
False
Is 61945159 composite?
True
Is 3513011 a prime number?
False
Is 45792853 composite?
False
Is 666595 prime?
False
Is 22256439 a prime number?
False
Is 3785693 prime?
False
Is 18881657 prime?
True
Is 315787169 a composite number?
False
Is 1422899 a composite number?
False
Is 166310751 composite?
True
Is 135977 composite?
False
Is 447523787 composite?
False
Is 1313083 a prime number?
True
Is 929861 composite?
False
Is 330631519 composite?
True
Is 967739 a composite number?
False
Is 19323553 composite?
False
Is 58748917 a prime number?
False
Is 8794381 a prime number?
True
Is 4547995 prime?
False
Is 170931119 prime?
True
Is 3217069 a prime number?
True
Is 113993899 prime?
False
Is 3521939 prime?
False
Is 23987311 a prime number?
False
Is 1220721 a composite number?
True
Is 2681629 a composite number?
True
Is 61535959 composite?
True
Is 3789973 prime?
False
Is 2080121 prime?
True
Is 303364579 a composite number?
True
Is 70556149 a composite number?
False
Is 14930479 prime?
True
Is 6864479 composite?
False
Is 34513019 a composite number?
True
Is 2117782 a prime number?
False
Is 22129901 a prime number?
True
Is 16782737 composite?
False
Is 10993393 a composite number?
False
Is 678683 prime?
False
Is 1202927 a prime number?
False
Is 5752199 composite?
False
Is 1524599 a prime number?
False
Is 5968043 a prime number?
True
Is 4965269 a prime number?
True
Is 20949859 a prime number?
False
Is 201987647 a composite number?
True
Is 10740931 a composite number?
True
Is 16943807 composite?
True
Is 62490167 a prime number?
True
Is 12941257 a prime number?
False
Is 12713495 prime?
False
Is 42912403 composite?
True
Is 1039156109 a composite number?
False
Is 646769 a composite number?
True
Is 8639089 a prime number?
True
Is 2581385 composite?
True
Is 64246649 a composite number?
False
Is 896771 a prime number?
True
Is 7015891 composite?
False
Is 483924007 composite?
True
Is 367163 a composite number?
False
Is 53623085 a composite number?
True
Is 35550589 composite?
False
Is 9709477 a prime number?
True
Is 3824489 composite?
True
Is 7808267 a composite number?
False
Is 5702057 a composite number?
False
Is 19293809 prime?
True
Is 6396571 a prime number?
False
Is 1386083 prime?
True
Is 151079 composite?
True
Is 37529971 a prime number?
False
Is 261253 a composite number?
True
Is 3132049 a composite number?
True
Is 1240388855 a composite number?
True
Is 75655 prime?
False
Is 19528417 prime?
True
Is 25652233 composite?
False
Is 360817 a prime number?
True
Is 118401859 prime?
False
Is 72481807 a prime number?
True
Is 4830481 prime?
True
Is 537706757 a composite number?
True
Is 91496441 composite?
False
Is 261734087 prime?
False
Is 12614453 a prime number?
True
Is 4185539 a prime number?
False
Is 2830007 a composite number?
True
Is 99196007 a prime number?
True
Is 233627 a prime number?
False
Is 259223623 composite?
True
Is 27361193 prime?
True
Is 18181103 a prime number?
True
Is 7162669 prime?
False
Is 1159563 a prime number?
False
Is 110498939 a composite number?
False
Is 70992133 composite?
True
Is 478319 prime?
False
Is 6598099 prime?
False
Is 117690559 composite?
True
Is 73146679 composite?
False
Is 156762259 composite?
False
Is 37713217 composite?
False
Is 18179297 a composite number?
False
Is 155980813 prime?
True
Is 12495661 a prime number?
True
Is 13937717 a composite number?
True
Is 820159069 composite?
False
Is 12503797 a composite number?
False
Is 706317 composite?
True
Is 3459901 a composite number?
True
Is 27164309 composite?
False
Is 329162447 a composite number?
False
Is 874927 a composite number?
True
Is 4246591 a composite number?
True
Is 15758593 composite?
False
Is 14564789 a prime number?
True
Is 513593 composite?
False
Is 451579 composite?
False
Is 8432197 prime?
True
Is 30415303 a prime number?
False
Is 91729523 prime?
False
Is 30237161 a composite number?
False
Is 47758 a composite number?
True
Is 12983407 prime?
False
Is 178593713 a composite number?
True
Is 2282461 composite?
True
Is 303833 composite?
True
Is 72288737 a prime number?
False
Is 10305089 composite?
False
Is 12109463 a composite number?
False
Is 28918031 a prime number?
True
Is 7111579 prime?
False
Is 80784089 a composite number?
False
Is 21406391 a composite number?
False
Is 1171847 composite?
False
Is 55936277 composite?
True
Is 27964289 a composite number?
True
Is 5678327 a prime number?
True
Is 11774779 a prime number?
True
Is 55387 composite?
True
Is 7155917 composite?
False
Is 19999066 prime?
False
Is 787289 prime?
True
Is 